{"id":451,"date":"2022-09-28T23:07:50","date_gmt":"2022-09-28T23:07:50","guid":{"rendered":"https:\/\/avo6.com\/?page_id=451"},"modified":"2022-09-28T23:07:51","modified_gmt":"2022-09-28T23:07:51","slug":"conditions-dutilisation","status":"publish","type":"page","link":"https:\/\/avo6.com\/?page_id=451","title":{"rendered":"Conditions d&rsquo;utilisation"},"content":{"rendered":"\n<p><strong>Derni\u00e8re mise \u00e0 jour&nbsp;: 28\/09\/2022<\/strong><\/p>\n\n\n\n<p>Veuillez lire attentivement ces conditions d&rsquo;utilisation avant d&rsquo;utiliser le site Web https:\/\/www.Avo6.com.<\/p>\n\n\n\n<p>Votre acc\u00e8s et votre utilisation du Service sont conditionn\u00e9s par votre acceptation et votre respect des pr\u00e9sentes Conditions. Ces Conditions s&rsquo;appliquent \u00e0 tous les visiteurs, utilisateurs et autres qui acc\u00e8dent ou utilisent le Service.<\/p>\n\n\n\n<p>En acc\u00e9dant ou en utilisant le Service, vous acceptez d&rsquo;\u00eatre li\u00e9 par ces Conditions. Si vous n&rsquo;\u00eates pas d&rsquo;accord avec une partie des conditions, vous ne pouvez pas acc\u00e9der au service.<\/p>\n\n\n\n<p>Clause de r\u00e9siliation pour les sites Web qui n&rsquo;ont pas de compte. Si votre site Web ou votre application mobile permet aux utilisateurs de s&rsquo;inscrire et d&rsquo;avoir un compte, cr\u00e9ez vos propres conditions d&rsquo;utilisation.<\/p>\n\n\n\n<p><strong>R\u00e9siliation:<\/strong><\/p>\n\n\n\n<p>Nous pouvons r\u00e9silier ou suspendre l&rsquo;acc\u00e8s \u00e0 notre Service imm\u00e9diatement, sans pr\u00e9avis ni responsabilit\u00e9, pour quelque raison que ce soit, y compris, sans s&rsquo;y limiter, si vous enfreignez les Conditions.<\/p>\n\n\n\n<p>Toutes les dispositions des Conditions qui, de par leur nature, devraient survivre \u00e0 la r\u00e9siliation survivront \u00e0 la r\u00e9siliation, y compris, sans s&rsquo;y limiter, les dispositions relatives \u00e0 la propri\u00e9t\u00e9, les exclusions de garantie, l&rsquo;indemnisation et les limitations de responsabilit\u00e9.<\/p>\n\n\n\n<p><strong>Liens vers d&rsquo;autres sites Web&nbsp;:<\/strong><\/p>\n\n\n\n<p>Notre service peut contenir des liens vers des sites Web tiers ou des services qui ne nous appartiennent pas ou ne sont pas contr\u00f4l\u00e9s par nous.<\/p>\n\n\n\n<p>www. Avo6.com n&rsquo;a aucun contr\u00f4le sur, et n&rsquo;assume aucune responsabilit\u00e9 pour,<\/p>\n\n\n\n<p>Le contenu, les politiques de confidentialit\u00e9 ou les pratiques de tout site Web ou service tiers. Vous reconnaissez et acceptez en outre que www. Avo6.com ne sera pas responsable, directement ou indirectement, de tout dommage ou perte caus\u00e9 ou pr\u00e9sum\u00e9 avoir \u00e9t\u00e9 caus\u00e9 par ou en relation avec l&rsquo;utilisation ou la confiance accord\u00e9e \u00e0 ces contenus, biens ou services disponibles sur ou via ces sites Web ou services.<\/p>\n\n\n\n<p>Nous vous conseillons fortement de lire les termes et conditions et les politiques de confidentialit\u00e9 de tous les sites Web ou services tiers que vous visitez.<\/p>\n\n\n\n<p>Ces conditions seront r\u00e9gies et interpr\u00e9t\u00e9es conform\u00e9ment aux lois des \u00c9tats-Unis, sans \u00e9gard \u00e0 ses dispositions en mati\u00e8re de conflit de lois.<\/p>\n\n\n\n<p>Notre incapacit\u00e9 \u00e0 faire respecter un droit ou une disposition des pr\u00e9sentes Conditions ne sera pas consid\u00e9r\u00e9e comme une renonciation \u00e0 ces droits.<\/p>\n\n\n\n<p>Si une disposition des pr\u00e9sentes Conditions est jug\u00e9e invalide ou inapplicable par un tribunal, le les dispositions restantes des pr\u00e9sentes Conditions resteront en vigueur.<\/p>\n\n\n\n<p>Ces conditions constituent l&rsquo;int\u00e9gralit\u00e9 de l&rsquo;accord entre nous concernant notre service, et annulent et remplacent tout accord ant\u00e9rieur que nous pourrions avoir entre nous concernant le service.<\/p>\n\n\n\n<p><strong>Changements:<\/strong><\/p>\n\n\n\n<p>Nous nous r\u00e9servons le droit, \u00e0 notre seule discr\u00e9tion, de modifier ou de remplacer ces Conditions \u00e0 tout moment. Si une r\u00e9vision est importante, nous essaierons de fournir un pr\u00e9avis d&rsquo;au moins 30 jours avant l&rsquo;entr\u00e9e en vigueur de nouvelles conditions.<\/p>\n\n\n\n<p>Ce qui constitue un changement important sera d\u00e9termin\u00e9 \u00e0 notre seule discr\u00e9tion.<\/p>\n\n\n\n<p>En continuant \u00e0 acc\u00e9der ou \u00e0 utiliser notre Service apr\u00e8s l&rsquo;entr\u00e9e en vigueur de ces r\u00e9visions, vous acceptez d&rsquo;\u00eatre li\u00e9 par les conditions r\u00e9vis\u00e9es. Si vous n&rsquo;acceptez pas les nouvelles conditions, veuillez cesser d&rsquo;utiliser le Service.<\/p>\n\n\n\n<p><strong>Nous contacter<\/strong><\/p>\n\n\n\n<p>Si vous avez des questions sur ces conditions, veuillez nous contacter via notre formulaire de contact.<\/p>\n","protected":false},"excerpt":{"rendered":"<p>Derni\u00e8re mise \u00e0 jour&nbsp;: 28\/09\/2022 Veuillez lire attentivement ces conditions d&rsquo;utilisation avant d&rsquo;utiliser le site Web https:\/\/www.Avo6.com. Votre acc\u00e8s et&hellip;<\/p>\n","protected":false},"author":1,"featured_media":0,"parent":0,"menu_order":0,"comment_status":"closed","ping_status":"closed","template":"","meta":{"om_disable_all_campaigns":false,"_monsterinsights_skip_tracking":false,"_monsterinsights_sitenote_active":false,"_monsterinsights_sitenote_note":"","_monsterinsights_sitenote_category":0},"aioseo_notices":[],"_links":{"self":[{"href":"https:\/\/avo6.com\/index.php?rest_route=\/wp\/v2\/pages\/451"}],"collection":[{"href":"https:\/\/avo6.com\/index.php?rest_route=\/wp\/v2\/pages"}],"about":[{"href":"https:\/\/avo6.com\/index.php?rest_route=\/wp\/v2\/types\/page"}],"author":[{"embeddable":true,"href":"https:\/\/avo6.com\/index.php?rest_route=\/wp\/v2\/users\/1"}],"replies":[{"embeddable":true,"href":"https:\/\/avo6.com\/index.php?rest_route=%2Fwp%2Fv2%2Fcomments&post=451"}],"version-history":[{"count":1,"href":"https:\/\/avo6.com\/index.php?rest_route=\/wp\/v2\/pages\/451\/revisions"}],"predecessor-version":[{"id":452,"href":"https:\/\/avo6.com\/index.php?rest_route=\/wp\/v2\/pages\/451\/revisions\/452"}],"wp:attachment":[{"href":"https:\/\/avo6.com\/index.php?rest_route=%2Fwp%2Fv2%2Fmedia&parent=451"}],"curies":[{"name":"wp","href":"https:\/\/api.w.org\/{rel}","templated":true}]}}